 156.
84
Calculate the remainder when 15206818 is divided by 28692.
58
What is the remainder when 1221878 is divided by 12468?
14
Calculate the remainder when 628494 is divided by 39.
9
What is the remainder when 68299668 is divided by 912?
900
Calculate the remainder when 656308 is divided by 655558.
750
What is the remainder when 7181004 is divided by 2393657?
33
Calculate the remainder when 78331 is divided by 34.
29
Calculate the remainder when 9691757 is divided by 157.
147
Calculate the remainder when 481653 is divided by 658.
655
What is the remainder when 536260786 is divided by 564?
562
What is the remainder when 33960003 is divided by 556721?
22
What is the remainder when 15550371 is divided by 25244?
67
What is the remainder when 14094402 is divided by 405?
402
What is the remainder when 2666194 is divided by 1404?
1402
Calculate the remainder when 329578 is divided by 321.
232
What is the remainder when 1924404 is divided by 240548?
20
What is the remainder when 114895808 is divided by 21?
20
Calculate the remainder when 1099849 is divided by 1111.
1070
Calculate the remainder when 270440 is divided by 16901.
24
What is the remainder when 188137 is divided by 9382?
497
What is the remainder when 671364 is divided by 335554?
256
Calculate the remainder when 111140466 is divided by 29.
25
What is the remainder when 514681 is divided by 17061?
2851
Calculate the remainder when 67964708 is divided by 11.
9
What is the remainder when 46731 is divided by 267?
6
Calculate the remainder when 678456395 is divided by 12.
11
What is the remainder when 1717791 is divided by 52?
23
What is the remainder when 1720255 is divided by 860127?
1
What is the remainder when 275114 is divided by 41?
4
Calculate the remainder when 23560151 is divided by 122.
121
What is the remainder when 1015430 is divided by 942?
896
What is the remainder when 299870 is divided by 171?
107
What is the remainder when 1734729 is divided by 3273?
39
Calculate the remainder when 320832 is divided by 2594.
1770
What is the remainder when 49136 is divided by 2769?
2063
What is the remainder when 126607 is divided by 5753?
41
Calculate the remainder when 29363747 is divided by 25.
22
Calculate the remainder when 2174001 is divided by 14993.
16
What is the remainder when 13667808 is divided by 2105?
43
What is the remainder when 7657968 is divided by 2552600?
168
Calculate the remainder when 4039714 is divided by 473.
294
Calculate the remainder when 117259 is divided by 11644.
819
Calculate the remainder when 1670024 is divided by 27.
20
Calculate the remainder when 13924 is divided by 6897.
130
What is the remainder when 531179 is divided by 35?
19
Calculate the remainder when 488398 is divided by 3051.
238
Calculate the remainder when 49360583 is divided by 170.
63
Calculate the remainder when 20837739 is divided by 2559.
2361
What is the remainder when 4060886 is divided by 1353609?
59
What is the remainder when 446051 is divided by 559?
528
Calculate the remainder when 3794028 is divided by 300.
228
What is the remainder when 2797867 is divided by 233155?
7
What is the remainder when 15330999 is divided by 77?
68
Calculate the remainder when 44897 is divided by 22196.
505
Calculate the remainder when 27864163 is divided by 19.
17
Calculate the remainder when 59620 is divided by 14466.
1756
What is the remainder when 4139721 is divided by 138?
135
Calculate the remainder when 10632630 is divided by 16383.
63
What is the remainder when 3468912 is divided by 1156213?
273
What is the remainder when 1428731 is divided by 16808?
51
Calculate the remainder when 347330 is divided by 13893.
5
What is the remainder when 104226 is divided by 347?
126
What is the remainder when 81045 is divided by 80881?
164
What is the remainder when 527745 is divided by 191?
12
What is the remainder when 7947005 is divided by 23?
22
Calculate the remainder when 3722053 is divided by 620339.
19
Calculate the remainder when 1061347 is divided by 931.
7
What is the remainder when 18377431 is divided by 25?
6
Calculate the remainder when 1959686 is divided by 6925.
6836
What is the remainder when 14494 is divided by 14119?
375
Calculate the remainder when 812122 is divided by 423.
385
What is the remainder when 1031277 is divided by 1237?
856
What is the remainder when 694766 is divided by 969?
962
Calculate the remainder when 85807 is divided by 29.
25
What is the remainder when 7156 is divided by 524?
344
Calculate the remainder when 22240279 is divided by 14.
5
Calculate the remainder when 63324320 is divided by 883.
858
What is the remainder when 144330 is divided by 857?
354
What is the remainder when 10024868 is divided by 48?
20
What is the remainder when 514608 is divided by 51417?
438
What is the remainder when 118794 is divided by 1915?
64
Calculate the remainder when 37745144 is divided by 37745141.
3
Calculate the remainder when 18221 is divided by 3590.
271
What is the remainder when 8037 is divided by 133?
57
Calculate the remainder when 116062 is divided by 9225.
5362
Calculate the remainder when 20863313 is divided by 15.
8
What is the remainder when 118366 is divided by 1019?
162
Calculate the remainder when 688700 is divided by 3958.
8
Calculate the remainder when 12797451 is divided by 640.
11
Calculate the remainder when 11521390 is divided by 83.
77
Calculate the remainder when 75905464 is divided by 287.
278
Calculate the remainder when 11207746 is divided by 657.
640
What is the remainder when 607986 is divided by 1804?
38
What is the remainder when 21614104 is divided by 13611?
13447
Calculate the remainder when 19283617 is divided by 4820904.
1
Calculate the remainder when 56526 is divided by 28167.
192
What is the remainder when 646279329 is divided by 585?
579
What is the remainder when 546216 is divided by 1366?
1182
What is the remainder when 416240 is divided by 138740?
20
Calculate the remainder when 72551 is divided by 2023.
1746
What is the remainder when 25217 is divided by 4795?
1242
Calculate the remainder when 103618135 is divided by 254590.
5
Calculate the remainder when 323687325 is divided by 14.
3
Calculate the remainder when 320900 is divided by 80195.
120
Calculate the remainder when 316005 is divided by 19749.
21
What is the remainder when 7820000 is divided by 144?
80
Calculate the remainder when 211648492 is divided by 258.
256
Calculate the remainder when 107526 is divided by 6719.
22
What is the remainder when 4816306 is divided by 343993?
404
What is the remainder when 12373608 is divided by 12373575?
33
Calculate the remainder when 296749994 is divided by 3853896.
2
Calculate the remainder when 36550 is divided by 301.
129
What is the remainder when 89343 is divided by 4651?
974
Calculate the remainder when 2967998 is divided by 1967.
1762
Calculate the remainder when 386315142 is divided by 477.
474
Calculate the remainder when 2863790 is divided by 119.
55
What is the remainder when 312542 is divided by 234?
152
Calculate the remainder when 151887 is divided by 37959.
51
Calculate the remainder when 2921738 is divided by 2108.
50
Calculate the remainder when 11278359 is divided by 1558.
1555
What is the remainder when 1175602 is divided by 475?
452
Calculate the remainder when 58403403 is divided by 8922.
8913
Calculate the remainder when 1083458 is divided by 878.
6
What is the remainder when 6935225 is divided by 5011?
1
Calculate the remainder when 23921852 is divided by 410.
402
What is the remainder when 30340 is divided by 2294?
518
What is the remainder when 7287146 is divided by 1214511?
80
Calculate the remainder when 8686414 is divided by 306.
298
Calculate the remainder when 66728 is divided by 915.
848
What is the remainder when 898803 is divided by 448807?
1189
What is the remainder when 12997 is divided by 6224?
549
What is the remainder when 9275821 is divided by 86?
33
What is the remainder when 73145 is divided by 73101?
44
Calculate the remainder when 25868 is divided by 657.
245
Calculate the remainder when 1159196 is divided by 1036.
948
What is the remainder when 70810 is divided by 145?
50
What is the remainder when 155021 is divided by 1456?
685
Calculate the remainder when 142335 is divided by 47187.
774
What is the remain